{"id":140,"date":"2021-02-11T07:32:26","date_gmt":"2021-02-11T07:32:26","guid":{"rendered":"https:\/\/ingasfp.fi\/wordpress\/?page_id=140"},"modified":"2021-12-31T13:10:25","modified_gmt":"2021-12-31T13:10:25","slug":"vall-kandidater","status":"publish","type":"page","link":"https:\/\/ingasfp.fi\/?page_id=140","title":{"rendered":"Val"},"content":{"rendered":"\n<p><strong>V\u00e4lf\u00e4rdsomr\u00e5desvalet i V\u00e4stra Nyland<\/strong> <\/p>\n\n\n\n<ul><li><strong>Valdag: s\u00f6ndag 23.1.2022<\/strong><\/li><li><strong>F\u00f6rhandsr\u00f6stning: onsdag 12.1 &#8211; tisdag 18.1.2022<\/strong><\/li><\/ul>\n\n\n\n<p><strong>Vem f\u00e5r r\u00f6sta i valet?<\/strong><\/p>\n\n\n\n<p>R\u00f6stber\u00e4ttigade i v\u00e4lf\u00e4rdsomr\u00e5desvalet \u00e4r den som senast p\u00e5 valdagen 23.1.2022 fyller 18 \u00e5r och vars hemkommun 51 dagar f\u00f6re, dvs. den 3.12.2021, \u00e4r en kommun som h\u00f6r till v\u00e4lf\u00e4rdsomr\u00e5det i fr\u00e5ga. \u00c4r man medborgare i ett land utanf\u00f6r EU ska man ha bott tv\u00e5 \u00e5r i Finland f\u00f6r att f\u00e5 r\u00f6sta.<\/p>\n\n\n\n<p><strong>Hur r\u00f6star man?<\/strong><\/p>\n\n\n\n<p>I v\u00e4lf\u00e4rdsomr\u00e5desvalet kan du r\u00f6sta p\u00e5 sj\u00e4lva valdagen i din vallokal eller r\u00f6sta p\u00e5 f\u00f6rhand p\u00e5 vilket som helst av de allm\u00e4nna f\u00f6rhandsr\u00f6stningsst\u00e4llena i Finland eller utomlands. Den egentliga valdagen \u00e4r s\u00f6ndagen den 23 januari 2022. F\u00f6rhandsr\u00f6stningen p\u00e5g\u00e5r i Finland under tiden 12\u201318.1.2022 och utomlands 12\u201315.1.2022. Fram\u00f6ver kommer v\u00e4lf\u00e4rdsomr\u00e5desvalet att ske i samband med kommunalvalet, s\u00e5 n\u00e4sta val \u00e4r i april 2025.<\/p>\n\n\n\n<p><strong>Vad g\u00f6r v\u00e4lf\u00e4rdsomr\u00e5desfullm\u00e4ktige?<\/strong><\/p>\n\n\n\n<p>V\u00e4lf\u00e4rdsomr\u00e5desfullm\u00e4ktige har hand om v\u00e4lf\u00e4rdsomr\u00e5dets verksamhet och ekonomi. V\u00e4lf\u00e4rdsomr\u00e5desfullm\u00e4ktige best\u00e5r av 79 fullm\u00e4ktigeledam\u00f6ter. Mandatperioden \u00e4r fyra \u00e5r. Det f\u00f6rsta v\u00e4lf\u00e4rdsomr\u00e5desfullm\u00e4ktige kommer att dra upp riktlinjerna f\u00f6r hela verksamheten, v\u00e4lja centrala tj\u00e4nstem\u00e4n och besluta om hur servicestrukturen kommer att se ut. Lagen ger ramarna f\u00f6r verksamheten, det \u00e4r de f\u00f6rtroendevalda och tj\u00e4nstem\u00e4nnen i v\u00e4lf\u00e4rdsomr\u00e5dena som besluter om hur det ska fungera i praktiken.<\/p>\n\n\n\n<p>V\u00e4lf\u00e4rdsomr\u00e5desfullm\u00e4ktige tills\u00e4tter v\u00e4lf\u00e4rdsomr\u00e5desstyrelsen och \u00f6vriga organ inom v\u00e4lf\u00e4rdsomr\u00e5det och v\u00e4ljer en direkt\u00f6r f\u00f6r v\u00e4lf\u00e4rdsomr\u00e5det. Det fullm\u00e4ktige som v\u00e4ljs i januari 2022 kommer att ha en stor m\u00f6jlighet att p\u00e5verka v\u00e4lf\u00e4rdsomr\u00e5dets framtid.&nbsp;Det nya fullm\u00e4ktige startar sitt arbete den 1.3.2022.<\/p>\n\n\n\n<p><strong>Fr\u00e5n Ing\u00e5 st\u00e4ller f\u00f6ljande SFP-kandidater upp i valet:<\/strong><\/p>\n\n\n\n<ul><li><strong>Tom Backman, <\/strong>kandidatnr: 601<\/li><li><strong>Marie Bergman-Auvinen, <\/strong>kandidatnr: 605<\/li><li><strong>Patricia Gr\u00f6nholm, <\/strong>kandidatnr: 621<\/li><li><strong>Hans-Anders Unn\u00e9rus, <\/strong>kandidatnr: 682<\/li><li><strong>Henrik Wickstr\u00f6m, <\/strong>kandidatnr: 688<\/li><\/ul>\n\n\n\n<p>&#8212;<\/p>\n\n\n\n<p><strong>Vad har h\u00e4nt sedan senaste val?<\/strong><br>SFP har under fullm\u00e4ktigeperioden 2017-2021 lett b\u00e5de fullm\u00e4ktige och styrelse. SFP:s politiker har<br>m\u00e5lmedvetet och energiskt arbetat f\u00f6r att Ing\u00e5bornas vardag ska vara trygg samtidigt som n\u00e4rservicen<br>bibeh\u00e5llits och kollektivtrafiken utvecklats. SFP:s politiker har jobbat f\u00f6r alla Ing\u00e5bor, p\u00e5 ett inkluderande<br>s\u00e4tt med \u00f6vriga partiers politiker delaktiga i utvecklingen.<br>SFP har sett till att f\u00f6ljande vall\u00f6ften infriats;<br>Budgetering och planering av Kyrkfj\u00e4rdens skola<br>Generalplanerna f\u00f6r fastlandet och den inre sk\u00e4rg\u00e5rden fastst\u00e4lldes<br>F\u00f6retagaromr\u00e5det Ing\u00e5 Port byggdes och tomter s\u00e5ldes<br>Utvecklande av den interna servicetrafiken inom Ing\u00e5, skolskjutsar och pendeltrafiken<br>Den subjektiva dagv\u00e5rden bibeh\u00f6lls<br>Utvecklandet av kyrkbyn och hamnen<br>Bergvalla planen<br>Wilhelmsdal r\u00e4ddades<br>Dessutom kan vi gl\u00e4djas \u00f6ver att v\u00e5rt ih\u00e4rdiga lobbningsarbete f\u00f6r T\u00e4kterv\u00e4gen och Fagerviksv\u00e4gen burit<br>frukt. Vi f\u00e5r ocks\u00e5 gl\u00e4dja oss \u00f6ver att 51:ans belysning \u00e4ntligen blir verklighet efter att vi jobbat h\u00e5rt f\u00f6r den.<\/p>\n\n\n\n<figure class=\"wp-block-image size-large is-style-default\"><img loading=\"lazy\" width=\"960\" height=\"466\" src=\"https:\/\/ingasfp.fi\/wordpress\/wp-content\/uploads\/2021\/02\/IMG_2044.jpg\" alt=\"\" class=\"wp-image-216\" srcset=\"https:\/\/ingasfp.fi\/wp-content\/uploads\/2021\/02\/IMG_2044.jpg 960w, https:\/\/ingasfp.fi\/wp-content\/uploads\/2021\/02\/IMG_2044-300x146.jpg 300w, https:\/\/ingasfp.fi\/wp-content\/uploads\/2021\/02\/IMG_2044-768x373.jpg 768w\" sizes=\"(max-width: 960px) 100vw, 960px\" \/><\/figure>\n\n\n\n<p><strong>Vad vi vill jobba med efter valet<\/strong><br>F\u00f6r SFP \u00e4r det viktigt att Ing\u00e5borna k\u00e4nner sig trygga, och trivs i Ing\u00e5. Servicen ska fungera d\u00e5 vi beh\u00f6ver<br>den. Vi vill att v\u00e5ra barn ska f\u00e5 den b\u00e4sta t\u00e4nkbara starten i livet. Vi vill att v\u00e5ra daghem och skolor \u00e4r<br>trevliga milj\u00f6er d\u00e4r barnen trivs. Vi vill att v\u00e5ra \u00e4ldre ska f\u00e5 den hj\u00e4lp och det st\u00f6d de beh\u00f6ver. Det \u00e4r viktigt<br>att kommunen forts\u00e4tter utvecklas p\u00e5 ett modernt och modigt s\u00e4tt. Utvecklingen skapar f\u00f6ruts\u00e4ttningar f\u00f6r<br>det goda livet, d\u00e4r vi kan utvecklas, v\u00e4xa och vara lyckliga.<br>Vi arbetar f\u00f6r en fungerande tv\u00e5spr\u00e5kig kommun med en stark svenska. Vi satsar p\u00e5 att ge v\u00e5ra f\u00f6retag de<br>b\u00e4sta f\u00f6ruts\u00e4ttningarna att lyckas. Vi tror ocks\u00e5 att ett \u00f6kat distansarbete erbjuder Ing\u00e5 nya m\u00f6jligheter.<\/p>\n\n\n\n<p>SFP vet ocks\u00e5 att v\u00e5r unika natur \u00e4r en fantastisk f\u00f6rdel som lockar m\u00e5nga att bes\u00f6ka Ing\u00e5. Vi v\u00e4rnar om v\u00e5r<br>milj\u00f6. V\u00e5r sk\u00e4rg\u00e5rd \u00e4r en del av \u00d6stersj\u00f6n, som hotas av b\u00e5de \u00f6verg\u00f6dning och klimatf\u00f6r\u00e4ndringen. Lokalt<br>kan vi motverka \u00f6verg\u00f6dningen och arbeta f\u00f6r att klimatm\u00e5len uppn\u00e5s.<\/p>\n\n\n\n<p>Coronapandemin har f\u00f6r\u00e4ndrat verkligheten f\u00f6r m\u00e5nga. Ing\u00e5 ska m\u00f6ta den verkligheten och de nya<br>m\u00f6jligheterna genast n\u00e4r vi tar oss ur pandemin. Kommunens uppgifter kommer att \u00e4ndras enormt om<br>v\u00e5rd- och landskapsreformen genomf\u00f6rs som planerat. F\u00f6r\u00e4ndringen ber\u00f6r m\u00e5nga m\u00e4nniskors arbeten och<br>servicen f\u00f6r alla kommuninnev\u00e5nare. F\u00f6r\u00e4ndringen g\u00e4ller \u00e4ven finansieringen och styrningen av social- och<br>h\u00e4lsov\u00e5rden.<br>V\u00e5r framtida kommun kommer ocks\u00e5 i forts\u00e4ttningen att ha ansvaret f\u00f6r daghem och skolor,<br>h\u00e4lsofr\u00e4mjande, idrott-, kultur- och ungdomsarbete, bygglov och milj\u00f6v\u00e5rd, fastigheter och<br>samh\u00e4llstekniska funktioner samt planerings\u00e4renden.<\/p>\n\n\n\n<p><strong>Vi i SFP vill jobba f\u00f6r;<\/strong><br>En ny fin Kyrkfj\u00e4rdens skola \u00f6ppnas 2022<br>Att alla skolfastigheter underh\u00e5lls v\u00e4l<br>Planeringen av f\u00f6retagaromr\u00e5det Ing\u00e5 Port 2<br>Projekt f\u00f6r att f\u00e5 nya tr\u00f6skelfria bost\u00e4der i ett l\u00e4ttare serviceboende i kyrkbyn<br>Att fr\u00e4mja barn och ungas trygghet och psykiska h\u00e4lsa i efterdyningarna av coronaepedemin<br>Fortsatt utveckling av den interna servicetrafiken inom Ing\u00e5, skolskjutsar och pendeltrafiken<br>Idrott-, kultur- och ungdomsverksamhet<br>Fortsatt god social- och h\u00e4lsov\u00e5rd i Ing\u00e5 ocks\u00e5 efter att landskapet tar \u00f6ver verksamheten<br>En ny fastighet f\u00f6r \u00e4ldreomsorgen, ett Campus L\u00f6nneberga<br>Satsningar p\u00e5 vattenf\u00f6rs\u00f6rjningen<br>Utvidgat fibern\u00e4t i V\u00e4stnyland<br>Ungdomsg\u00e5rd<br>Ungdomsfullm\u00e4ktige<br>F\u00f6rnybar energi och energismarta l\u00f6sningar.<br>L\u00e4ttrafikleder<br>Idrottspark<\/p>\n","protected":false},"excerpt":{"rendered":"<p>V\u00e4lf\u00e4rdsomr\u00e5desvalet i V\u00e4stra Nyland Valdag: s\u00f6ndag 23.1.2022 F\u00f6rhandsr\u00f6stning: onsdag 12.1 &#8211; tisdag 18.1.2022 Vem f\u00e5r r\u00f6sta i valet? R\u00f6stber\u00e4ttigade i v\u00e4lf\u00e4rdsomr\u00e5desvalet \u00e4r den som senast p\u00e5 valdagen 23.1.2022 fyller 18 \u00e5r och vars hemkommun 51 dagar f\u00f6re, dvs. den 3.12.2021, \u00e4r en kommun som h\u00f6r till v\u00e4lf\u00e4rdsomr\u00e5det i fr\u00e5ga. \u00c4r man medborgare i ett land [&hellip;]<\/p>\n","protected":false},"author":1,"featured_media":0,"parent":0,"menu_order":0,"comment_status":"closed","ping_status":"closed","template":"templates\/template-full-width.php","meta":[],"_links":{"self":[{"href":"https:\/\/ingasfp.fi\/index.php?rest_route=\/wp\/v2\/pages\/140"}],"collection":[{"href":"https:\/\/ingasfp.fi\/index.php?rest_route=\/wp\/v2\/pages"}],"about":[{"href":"https:\/\/ingasfp.fi\/index.php?rest_route=\/wp\/v2\/types\/page"}],"author":[{"embeddable":true,"href":"https:\/\/ingasfp.fi\/index.php?rest_route=\/wp\/v2\/users\/1"}],"replies":[{"embeddable":true,"href":"https:\/\/ingasfp.fi\/index.php?rest_route=%2Fwp%2Fv2%2Fcomments&post=140"}],"version-history":[{"count":9,"href":"https:\/\/ingasfp.fi\/index.php?rest_route=\/wp\/v2\/pages\/140\/revisions"}],"predecessor-version":[{"id":313,"href":"https:\/\/ingasfp.fi\/index.php?rest_route=\/wp\/v2\/pages\/140\/revisions\/313"}],"wp:attachment":[{"href":"https:\/\/ingasfp.fi\/index.php?rest_route=%2Fwp%2Fv2%2Fmedia&parent=140"}],"curies":[{"name":"wp","href":"https:\/\/api.w.org\/{rel}","templated":true}]}}